+ 5*r, -4*r + 20 = 3*v. List the prime factors of v.
2
Suppose -3*y = -80 + 20. Suppose -4*j = -m - m - y, 4*j - 22 = 3*m. What are the prime factors of j?
2
Suppose -1116 = 16*j - 19*j. What are the prime factors of j?
2, 3, 31
Let f(l) = l**2 - 3*l + 5. Suppose 0 = h - 6 + 1. List the prime factors of f(h).
3, 5
Let h(y) = -y**2 + 18*y - 21. List the prime factors of h(8).
59
Let v = -7 + 13. Suppose -2*q + d + 12 = v*d, -3*q = 3*d. List the prime factors of ((-20)/(-6))/(q/(-6)).
5
Suppose 133 + 77 = 3*m. List the prime factors of m.
2, 5, 7
Suppose 0 = 5*r + 4*h - 12, 4*r - h - 6 = -3*h. Suppose 0 = -2*g + n + 83, r = -4*g + n + 82 + 87. List the prime factors of g.
43
Suppose 2*d = 1 + 3. Suppose r - d*g - 42 = 0, 249 = 4*r - 5*g + 78. Suppose -6*q + 2*q = -r. What are the prime factors of q?
11
Let k(l) = l**2 - 7*l + 3. Let z be k(7). Suppose 42 = -z*n + 144. List the prime factors of n.
2, 17
Let m(r) = -2*r - 5. Let b be m(-4). Suppose -x = b*x. Suppose -t + 8 + 5 = x. List the prime factors of t.
13
Let m = -4 + 3. Let n be (1/(-1) - 0)*m. Let s = 1 + n. List the prime factors of s.
2
What are the prime factors of (385/(-22))/((-2)/4)?
5, 7
Let r be (-2 + (-2 - -1))*1. Let u = 1 - r. Suppose 2*t + 2*y = 4, 3*t - 6*t = u*y - 1. List the prime factors of t.
7
Let j = 18 - 32. What are the prime factors of 0/(-3) - 1 - j?
13
Let m(y) = -1 + 0*y**2 - 6*y**2 - 6*y + 2*y**2 + y**3. Let h be m(5). List the prime factors of (-2)/((-2)/h - 1).
3
Let n(i) be the second derivative of i**3/6 + 41*i**2/2 - 9*i. What are the prime factors of n(0)?
41
Suppose w - 185 = -4*w. List the prime factors of w.
37
Let p be (5/(5/(-2)))/(-2). Let x(w) = 17*w + 1. Let v be x(p). Suppose 2*a + 5*b - v = 0, -a = 3*b - 7 - 1. List the prime factors of a.
2, 7
Let o(j) = -j**2 - 19*j - 14. What are the prime factors of o(-17)?
2, 5
Suppose -4*z - z = 50. Suppose 4*q + 61 - 25 = -4*b, -q + 3*b = 29. Let h = z - q. What are the prime factors of h?
2
Let q(c) = 48*c**3 + 2*c - 1. List the prime factors of q(1).
7
Let k(b) = -2*b + 150. Let m be k(0). Suppose 2*x - m = -3*f - 0*f, -2*f = 2*x - 102. What are the prime factors of f?
2, 3
Let v(c) = 2*c + 14. Let p(k) = 5*k + 28. Let j(b) = -3*p(b) + 7*v(b). Let g be j(7). Suppose -29 = -n - g. List the prime factors of n.
2, 11
Let o be (-44)/33*3*1. Let m(f) = -f**3 - 4*f**2 - 4*f - 5. List the prime factors of m(o).
11
What are the prime factors of 2/3*51 + -2?
2
Let u(w) be the first derivative of w**4/4 - 8*w**3/3 + 5*w**2 - 2*w + 3. What are the prime factors of u(7)?
19
Let k(z) = 7*z**2 + 2*z - 4*z**2 + 3*z**2 - 1. What are the prime factors of k(1)?
7
Let f = -9 - -22. What are the prime factors of f?
13
Let u(w) = w**2 - w + 5. List the prime factors of u(-3).
17
Let s(d) = d + 4. Suppose 5*k + 3 = 33. Let q be s(k). Suppose -2*h + q = 2. What are the prime factors of h?
2
Suppose 3*u = q + 5*u - 2, -u = -4*q + 8. List the prime factors of q/(-13) + (-280)/(-130).
2
Let v = 4 - 4. Let z = v + 28. Suppose 0 = p + 3*p - z. List the prime factors of p.
7
Suppose -4*y + 6*f - 76 = 2*f, 60 = -5*y - 2*f. Let b = y + 29. List the prime factors of b.
3, 5
What are the prime factors of (28/12)/(4/24)?
2, 7
Suppose 2*l = -p - 0*l + 126, -3*p - 5*l = -382. List the prime factors of p.
2, 67
Let j(d) = -d**3 + d**2 + 241. List the prime factors of j(0).
241
Let x be (-8 - -7)/((-2)/(-66)). Let w = 54 + x. What are the prime factors of w?
3, 7
Suppose -3*x = 4 + 5. Let h(c) = -2*c - 4. What are the prime factors of h(x)?
2
Let t = 152 + -99. What are the prime factors of t?
53
Let y be ((-24)/9)/(2/(-6)). Let a = 30 + y. Let k = a + -23. List the prime factors of k.
3, 5
Suppose 3*r = -5 + 2. Let o be (14/(-1))/(-2) - r. Let m = -5 + o. List the prime factors of m.
3
Suppose 3*r + 0*r = -9, -2*p - 3*r = 5. Suppose 6 = 2*d + p. Let x = d + 3. What are the prime factors of x?
5
Suppose 2*i - 4*d - 316 = 0, -4*d = -3*d. List the prime factors of i.
2, 79
Let c be 20/8 + (-1)/2. Suppose -2*y + 3*a + 14 = -10, -c*a - 26 = -3*y. What are the prime factors of y?
2, 3
Let y(u) = u**2 - 7*u + 2. List the prime factors of y(8).
2, 5
Suppose -213 = -7*b + 81. List the prime factors of b.
2, 3, 7
Suppose 6 + 36 = 3*p. What are the prime factors of p?
2, 7
Let k be (4*8)/(-2)*1. Let p = -4 - k. What are the prime factors of p?
2, 3
Suppose -7*k + 0*k = -336. List the prime factors of k.
2, 3
List the prime factors of ((-246)/(-24))/(((-3)/44)/(-3)).
11, 41
Suppose -2*g + 7*g = 1325. List the prime factors of g.
5, 53
Let y(s) be the third derivative of -s**5/60 - 3*s**4/8 + 13*s**3/6 + s**2. Let n = 2 - 12. List the prime factors of y(n).
3
Suppose -6 = -h - 2. Let u(s) = 4*s - 4. List the prime factors of u(h).
2, 3
Let g = 11 - -4. What are the prime factors of g?
3, 5
Let w(q) be the third derivative of -q**4/24 + 11*q**3/6 + q**2. Let u(i) = -i**3 + 8*i**2 - 6*i - 2. Let d be u(7). What are the prime factors of w(d)?
2, 3
Suppose -2*i = -9*i + 616. List the prime factors of i.
2, 11
Let o(s) be the second derivative of s**4/12 + 5*s**3/6 - 3*s**2 + s. Let y be o(-6). Let d(t) = -t + 6. List the prime factors of d(y).
2, 3
Suppose -3*z = z. Let p = 4 - z. List the prime factors of p.
2
What are the prime factors of ((-69)/12)/(1/(-4))?
23
Let w(g) = -g**3 + 5*g**2 + 3*g + 1. Let c be w(5). Let v = c + -6. What are the prime factors of v?
2, 5
Suppose -3*n - 8*j - 28 = -3*j, -2*j + 14 = -3*n. Let f(d) = -d - 11. Let m(b) = b + 11. Let r(w) = -5*f(w) - 4*m(w). What are the prime factors of r(n)?
5
Let t = 138 - 63. What are the prime factors of t?
3, 5
Suppose 0 = 4*k - 5 - 3. Suppose -k*d - 2*v + 53 = d, -4*v = 5*d - 89. What are the prime factors of d?
17
Suppose -2*u - u - s = 138, s = 3*u + 138. Let g be (u/8)/(2/8). Let z = -12 - g. What are the prime factors of z?
11
Suppose -57*z = -53*z - 864. What are the prime factors of z?
2, 3
Let i(j) = j + 2. Let z = 2 + -5. Let o = 6 + z. What are the prime factors of i(o)?
5
What are the prime factors of 21/(3 - 18/7)?
7
Let m(b) = b - 4. Let z be m(6). Suppose -z*r = 3*o - 0*r + 28, -4*o = 2*r + 34. What are the prime factors of (-5 + 2)*4/o?
2
Let p(u) = 16*u + 4. Let v be p(5). Let b = v - 46. Suppose -4*c - b = -94. List the prime factors of c.
2, 7
Let y be (-1 - 3) + 1 + 0. Let o(v) = v**3 + 4*v**2 + 2*v - 1. What are the prime factors of o(y)?
2
What are the prime factors of (34/(-3))/((-12)/54)?
3, 17
Let p(u) = -13*u + 1. Suppose 3*f - 2*d - 2*d = -3, -2*d = 4*f + 4. What are the prime factors of p(f)?
2, 7
Let a(i) = 10*i**2 - i + 15. List the prime factors of a(-4).
179
Suppose -4*g - 9 = 35. Let x = 18 + g. Let y(w) = w**2 - 6*w - 5. What are the prime factors of y(x)?
2
Suppose -5*i - l = 2, -2*i - 4*l = 2*i + 8. Let u(a) = i*a + 2 + 6*a + a**2 - 2*a. What are the prime factors of u(-5)?
7
Let v(p) be the second derivative of p**3 - 3*p**2/2 - p. Suppose -2*u - 4 = -4*g, 5*g + 5*u = 4*u + 12. List the prime factors of v(g).
3
Suppose 3*o + a + 73 = 0, -2*o + 7*a - 2*a - 77 = 0. Let z = o + 43. What are the prime factors of z?
17
Let l(m) be the third derivative of -m**6/30 - m**5/60 + m**4/24 + m**3/6 - m**2. What are the prime factors of l(-2)?
3
What are the prime factors of -1 - 1 - (-7 + -6)?
11
Let p = 48 + -23. What are the prime factors of p?
5
Let l(q) = -7*q + 3. Let s(v) = -8*v + 2. Let w(p) = -6*l(p) + 7*s(p). What are the prime factors of w(-3)?
2, 19
Let z(h) = 2*h**2 + 7*h + 1. What are the prime factors of z(-6)?
31
Suppose c + 34 = 3*m - 4*c, c = m - 8. Suppose -3*w + m + 3 = 0. List the prime factors of w.
2
Let h(c) = -2*c. Let m(o) = 6*o. Let z be m(-1). List the prime factors of h(z).
2, 3
Let d = 175 + -35. Let j = d + -81. List the prime factors of j.
59
Suppose 4*n - 61 = -7*k + 2*k, -2*k + 38 = 5*n. List the prime factors of k.
3
Let g = 2 + -2. Suppose 10 = 2*j - g*j + 4*d, 3*j = 3*d + 15. Suppose 3*o - 5*y = 47, -3*y = 2*y + j. List the prime factors of o.
2, 7
Let p(b) = 57*b**2 + 2*b + 1. List the prime factors of p(-1).
2, 7
Suppose 2*f = t + 69 - 12, -3*t - 47 = -2*f. List the prime factors of f.
31
Let x(k) = -k**3 + 6*k**2 + k - 3. Let m be x(6). Suppose 3*i - 15 = -2*i + m*t, i = 4*t + 3. Let l = i + 4. What are the prime factors of l